{"id":951,"date":"2022-03-15T07:12:56","date_gmt":"2022-03-15T07:12:56","guid":{"rendered":"http:\/\/localhost:81\/mli-wordpress\/?page_id=951"},"modified":"2023-05-25T04:20:29","modified_gmt":"2023-05-25T04:20:29","slug":"sp-faq-covid19","status":"publish","type":"page","link":"https:\/\/mliesl.edu\/contents\/sp\/sp-faq-covid19\/","title":{"rendered":"FAQ"},"content":{"rendered":"\t\t<div data-elementor-type=\"wp-page\" data-elementor-id=\"951\" class=\"elementor elementor-951\">\n\t\t\t\t\t\t\t\t\t<section class=\"elementor-section elementor-top-section elementor-element elementor-element-426a445 elementor-section-boxed elementor-section-height-default elementor-section-height-default\" data-id=\"426a445\" data-element_type=\"section\">\n\t\t\t\t\t\t<div class=\"elementor-container elementor-column-gap-default\">\n\t\t\t\t\t<div class=\"elementor-column elementor-col-100 elementor-top-column elementor-element elementor-element-07b6365\" data-id=\"07b6365\" data-element_type=\"column\">\n\t\t\t<div class=\"elementor-widget-wrap elementor-element-populated\">\n\t\t\t\t\t\t\t\t<div class=\"elementor-element elementor-element-098db4f elementor-widget elementor-widget-heading\" data-id=\"098db4f\" data-element_type=\"widget\" data-widget_type=\"heading.default\">\n\t\t\t\t<div class=\"elementor-widget-container\">\n\t\t\t<style>\/*! elementor - v3.6.0 - 21-03-2022 *\/\n.elementor-heading-title{padding:0;margin:0;line-height:1}.elementor-widget-heading .elementor-heading-title[class*=elementor-size-]>a{color:inherit;font-size:inherit;line-height:inherit}.elementor-widget-heading .elementor-heading-title.elementor-size-small{font-size:15px}.elementor-widget-heading .elementor-heading-title.elementor-size-medium{font-size:19px}.elementor-widget-heading .elementor-heading-title.elementor-size-large{font-size:29px}.elementor-widget-heading .elementor-heading-title.elementor-size-xl{font-size:39px}.elementor-widget-heading .elementor-heading-title.elementor-size-xxl{font-size:59px}<\/style><h2 class=\"elementor-heading-title elementor-size-default\"><h1 style=\"margin-bottom: 1.5rem; line-height: 44px; font-size: 36px; color: rgb(0, 0, 0); font-style: normal; font-variant-ligatures: normal; font-variant-caps: normal; white-space: normal; font-family: &quot;Helvetica Neue&quot;, sans-serif !important;\">Preguntas Frecuentes - COVID 19<\/h1><\/h2>\t\t<\/div>\n\t\t\t\t<\/div>\n\t\t\t\t\t<\/div>\n\t\t<\/div>\n\t\t\t\t\t\t\t<\/div>\n\t\t<\/section>\n\t\t\t\t<section class=\"elementor-section elementor-top-section elementor-element elementor-element-f9f94ca elementor-section-boxed elementor-section-height-default elementor-section-height-default\" data-id=\"f9f94ca\" data-element_type=\"section\">\n\t\t\t\t\t\t<div class=\"elementor-container elementor-column-gap-default\">\n\t\t\t\t\t<div class=\"elementor-column elementor-col-100 elementor-top-column elementor-element elementor-element-5bc5144\" data-id=\"5bc5144\" data-element_type=\"column\">\n\t\t\t<div class=\"elementor-widget-wrap elementor-element-populated\">\n\t\t\t\t\t\t\t\t<div class=\"elementor-element elementor-element-c4b6105 elementor-widget elementor-widget-heading\" data-id=\"c4b6105\" data-element_type=\"widget\" data-widget_type=\"heading.default\">\n\t\t\t\t<div class=\"elementor-widget-container\">\n\t\t\t<h2 class=\"elementor-heading-title elementor-size-default\"><h2 style=\"line-height: 39px; font-size: 32px; font-style: normal; color: rgb(33, 101, 185); padding-bottom: 1rem; font-variant-ligatures: normal; font-variant-caps: normal; white-space: normal; font-family: &quot;Helvetica Neue&quot;, sans-serif !important;\">Regulaciones de Viaje, Pol\u00edtica MLI COVID-19 y Situaci\u00f3n COVID-19 en Los \u00c1ngeles<\/h2><\/h2>\t\t<\/div>\n\t\t\t\t<\/div>\n\t\t\t\t\t<\/div>\n\t\t<\/div>\n\t\t\t\t\t\t\t<\/div>\n\t\t<\/section>\n\t\t\t\t<section class=\"elementor-section elementor-top-section elementor-element elementor-element-efc61b2 elementor-section-boxed elementor-section-height-default elementor-section-height-default\" data-id=\"efc61b2\" data-element_type=\"section\">\n\t\t\t\t\t\t<div class=\"elementor-container elementor-column-gap-default\">\n\t\t\t\t\t<div class=\"elementor-column elementor-col-100 elementor-top-column elementor-element elementor-element-0d2f0ed\" data-id=\"0d2f0ed\" data-element_type=\"column\">\n\t\t\t<div class=\"elementor-widget-wrap elementor-element-populated\">\n\t\t\t\t\t\t\t\t<div class=\"elementor-element elementor-element-e704b29 elementor-widget elementor-widget-text-editor\" data-id=\"e704b29\" data-element_type=\"widget\" data-widget_type=\"text-editor.default\">\n\t\t\t\t<div class=\"elementor-widget-container\">\n\t\t\t<style>\/*! elementor - v3.6.0 - 21-03-2022 *\/\n.elementor-widget-text-editor.elementor-drop-cap-view-stacked .elementor-drop-cap{background-color:#818a91;color:#fff}.elementor-widget-text-editor.elementor-drop-cap-view-framed .elementor-drop-cap{color:#818a91;border:3px solid;background-color:transparent}.elementor-widget-text-editor:not(.elementor-drop-cap-view-default) .elementor-drop-cap{margin-top:8px}.elementor-widget-text-editor:not(.elementor-drop-cap-view-default) .elementor-drop-cap-letter{width:1em;height:1em}.elementor-widget-text-editor .elementor-drop-cap{float:left;text-align:center;line-height:1;font-size:50px}.elementor-widget-text-editor .elementor-drop-cap-letter{display:inline-block}<\/style>\t\t\t\t<div style=\"color: #212529; font-family: -apple-system, BlinkMacSystemFont,;\">\n<div style=\"color: #212529; font-family: -apple-system, BlinkMacSystemFont,;\">\n<div>\n<h3 style=\"margin-top: 3rem; margin-bottom: 0.5rem; font-weight: 500; line-height: 29px; font-size: 24px; color: #2165b9; background: #e8eff4; padding: 10px;\">Q1. \u00bfCu\u00e1l es la gu\u00eda actual para viajar a los EE. UU.?<\/h3>\n<div>\n<p style=\"margin-bottom: 1rem; color: #3d4c5c; font-size: 16px; line-height: 24px;\">A partir del 11 de mayo de 2023, ya no se requerir\u00e1n vacunas ni pruebas previas de COVID-19 para ingresar a los EE. UU.<\/p>\n\n<\/div>\n<\/div>\n<div>\n<h3 style=\"margin-top: 3rem; margin-bottom: 0.5rem; font-weight: 500; line-height: 29px; font-size: 24px; color: #2165b9; background: #e8eff4; padding: 10px;\">Q2. \u00bfCu\u00e1l es la pol\u00edtica de MLI con respecto a la asistencia a clases presenciales?<\/h3>\n<div>\n<p style=\"margin-bottom: 1rem; color: #3d4c5c; font-size: 16px; line-height: 24px;\">MLI sigue las pautas del estado de California y el condado de Los \u00c1ngeles para mantener a todos seguros y evitar la propagaci\u00f3n de COVID-19. Todos deben acatar las siguientes normas:<\/p>\n<p style=\"margin-bottom: 1rem; color: #3d4c5c; font-size: 16px; line-height: 24px;\">Si se siente enfermo, debe aislarse y hacerse una prueba PCR de COVID-19 de inmediato.\nSi da positivo por COVID-19, informe al MLI de inmediato y reciba m\u00e1s instrucciones.<\/p>\n\n<\/div>\n<\/div>\n<div>\n<h3 style=\"margin-top: 3rem; margin-bottom: 0.5rem; font-weight: 500; line-height: 29px; font-size: 24px; color: #2165b9; background: #e8eff4; padding: 10px;\">Q3. \u00bfPor qu\u00e9 per\u00edodo de tiempo cubre la excepci\u00f3n de COVID a la regla de los 5 meses?<\/h3>\n<div>\n<p style=\"margin-bottom: 1rem; color: #3d4c5c; font-size: 16px; line-height: 24px;\">No hay regla de los 5 meses. Siempre que tenga una visa de estudiante v\u00e1lida y un I-20 inicial, podr\u00e1 venir a los EE.UU.<\/p>\n\n<\/div>\n<\/div>\n<div>\n<h3 style=\"margin-top: 3rem; margin-bottom: 0.5rem; font-weight: 500; line-height: 29px; font-size: 24px; color: #2165b9; background: #e8eff4; padding: 10px;\">Q4. Si tengo visa de estudiante, \u00bfpuedo venir a EE.UU. sin ning\u00fan problema?<\/h3>\n<div>\n<p style=\"margin-bottom: 1rem; color: #3d4c5c; font-size: 16px; line-height: 24px;\">Si tiene una visa de estudiante activa, solicite un I-20, pague su tarifa SEVIS (formulario I-901: recibo de la tarifa SEVIS) y comience su programa. Consulte las restricciones de viaje: \u00a0<a class=\"waffle-rich-text-link\" style=\"color: #0084e3; font-size: 16px; line-height: 24px;\" href=\"https:\/\/www.cdc.gov\/coronavirus\/2019-ncov\/travelers\/noncitizens-US-air-travel.html\">https:\/\/www.cdc.gov\/coronavirus\/2019-ncov\/travelers\/noncitizens-US-air-travel.html<\/a><\/p>\n\n<\/div>\n<\/div>\n<div>\n<h3 style=\"margin-top: 3rem; margin-bottom: 0.5rem; font-weight: 500; line-height: 29px; font-size: 24px; color: #2165b9; background: #e8eff4; padding: 10px;\">Q5. \u00bfPuedo venir a EE.UU. y asistir a programas virtuales \u00fanicamente?<\/h3>\n<div>\n<p style=\"margin-bottom: 1rem; color: #3d4c5c; font-size: 16px; line-height: 24px;\">No, de acuerdo con las regulaciones de SEVP, los estudiantes extranjeros que ingresan con una visa I-20 inicial no pueden asistir a clases en l\u00ednea ya que deben cumplir con sus requisitos de visa de estudiante. Todos los estudiantes nuevos\/iniciales que vengan a los EE.UU. despu\u00e9s del 12 de marzo de 2020 deben asistir a programas presenciales.<\/p>\n\n<\/div>\n<\/div>\n<div>\n<h3 style=\"margin-top: 3rem; margin-bottom: 0.5rem; font-weight: 500; line-height: 29px; font-size: 24px; color: #2165b9; background: #e8eff4; padding: 10px;\">Q6. \u00bfQu\u00e9 pasar\u00e1 si hay otro cierre de emergencia en Los \u00c1ngeles?<\/h3>\n<div>\n<p style=\"margin-bottom: 1rem; color: #3d4c5c; font-size: 16px; line-height: 24px;\">Seguiremos las instrucciones de los CDC y cambiaremos a programas en l\u00ednea si es necesario.<\/p>\n\n<\/div>\n<\/div>\n<\/div>\n<div style=\"color: #212529; font-family: -apple-system, BlinkMacSystemFont,;\">\n<h2 style=\"margin-top: 3rem; margin-bottom: 1rem; line-height: 39px; font-size: 32px; font-style: normal; color: #2165b9; padding-bottom: 1rem;\">Situaci\u00f3n Escolar bajo COVID-19<\/h2>\n<div>\n<h3 style=\"margin-top: 3rem; margin-bottom: 0.5rem; font-weight: 500; line-height: 29px; font-size: 24px; color: #2165b9; background: #e8eff4; padding: 10px;\">Q1. \u00bfMLI tiene clases virtuales o en persona?<\/h3>\n<div>\n<p style=\"margin-bottom: 1rem; color: #3d4c5c; font-size: 16px; line-height: 24px;\">MLI ofrece clases en persona solamente. Se deben tomar clases en persona para cumplir con los requisitos de inmigraci\u00f3n para estudiantes F1.<\/p>\n\n<\/div>\n<\/div>\n<div>\n<h3 style=\"margin-top: 3rem; margin-bottom: 0.5rem; font-weight: 500; line-height: 29px; font-size: 24px; color: #2165b9; background: #e8eff4; padding: 10px;\">Q2. \u00bfLos eventos escolares de MLI est\u00e1n cancelados?<\/h3>\n<div>\n<p style=\"margin-bottom: 1rem; color: #3d4c5c; font-size: 16px; line-height: 24px;\">No, todas las actividades estudiantiles y de clase se han reanudado, incluidas las actividades de excursiones fuera de la escuela y las actividades en clase. Las actividades escolares incluyen museos, eventos deportivos, fiestas en la playa, fiestas de graduaci\u00f3n escolar, parques tem\u00e1ticos, experiencias culturales y \u00a1mucho m\u00e1s!<\/p>\n\n<\/div>\n<\/div>\n<div>\n<h3 style=\"margin-top: 3rem; margin-bottom: 0.5rem; font-weight: 500; line-height: 29px; font-size: 24px; color: #2165b9; background: #e8eff4; padding: 10px;\">Q3. \u00bfHay casos confirmados de COVID-19 en MLI?<\/h3>\n<div>\n<p style=\"margin-bottom: 1rem; color: #3d4c5c; font-size: 16px; line-height: 24px;\">S\u00ed, ha habido varios casos confirmados de COVID-19 en MLI. Si un estudiante est\u00e1 enfermo, debe realizarse una prueba de PCR y enviar el resultado negativo de la prueba antes de regresar al campus. Si un estudiante da positivo por COVID-19, recomendamos encarecidamente a todos los estudiantes de la clase que se realicen una prueba de PCR antes de regresar al campus.<\/p>\n\n<\/div>\n<\/div>\n<div>\n<h3 style=\"margin-top: 3rem; margin-bottom: 0.5rem; font-weight: 500; line-height: 29px; font-size: 24px; color: #2165b9; background: #e8eff4; padding: 10px;\">Q4. \u00bfCu\u00e1ndo volver\u00e1 la escuela a tener clases totalmente presenciales?<\/h3>\n<div>\n<p style=\"margin-bottom: 1rem; color: #3d4c5c; font-size: 16px; line-height: 24px;\">Ofrecemos ESL, TOEFL y programas de conversaci\u00f3n en persona. Los programas nocturnos de TOEFL y de conversaci\u00f3n avanzada se ofrecen en l\u00ednea.<\/p>\n\n<\/div>\n<\/div>\n<div>\n<h3 style=\"margin-top: 3rem; margin-bottom: 0.5rem; font-weight: 500; line-height: 29px; font-size: 24px; color: #2165b9; background: #e8eff4; padding: 10px;\">Q5. \u00bfC\u00f3mo obtengo libros de texto?<\/h3>\n<div>\n<p style=\"margin-bottom: 1rem; color: #3d4c5c; font-size: 16px; line-height: 24px;\">Puede comprar libros de texto en su campus respectivo<\/p>\n\n<\/div>\n<\/div>\n<div>\n<h3 style=\"margin-top: 3rem; margin-bottom: 0.5rem; font-weight: 500; line-height: 29px; font-size: 24px; color: #2165b9; background: #e8eff4; padding: 10px;\">Q6. \u00bfC\u00f3mo gestiona su escuela las clases presenciales durante la pandemia?<\/h3>\n<div>\n<p style=\"margin-bottom: 1rem; color: #3d4c5c; font-size: 16px; line-height: 24px;\">Se requiere que todos en el campus controlen su temperatura diariamente al llegar a la escuela. Los estudiantes que est\u00e9n enfermos deben quedarse en casa y aislarse. Los estudiantes deben presentar una prueba de PCR negativa antes de regresar a la escuela.<\/p>\n\n<\/div>\n<\/div>\n<div>\n<h3 style=\"margin-top: 3rem; margin-bottom: 0.5rem; font-weight: 500; line-height: 29px; font-size: 24px; color: #2165b9; background: #e8eff4; padding: 10px;\">Q7. \u00bfQu\u00e9 programas ofrecen?<\/h3>\n<div>\n<p style=\"margin-bottom: 1rem; color: #3d4c5c; font-size: 16px; line-height: 24px;\">&#8220;Ofrecemos programas de ESL, TOEFL y conversaci\u00f3n en ambos campus (Westwood y Hollywood).\n&#8220;<\/p>\n\n<\/div>\n<\/div>\n<div>\n<h3 style=\"margin-top: 3rem; margin-bottom: 0.5rem; font-weight: 500; line-height: 29px; font-size: 24px; color: #2165b9; background: #e8eff4; padding: 10px;\">Q8. \u00bfPuedo registrarme en un alojamiento para estudiantes el d\u00eda que llegue a los EE.UU.?<\/h3>\n<div>\n<p style=\"margin-bottom: 1rem; color: #3d4c5c; font-size: 16px; line-height: 24px;\">S\u00ed, sin embargo, hay una restricci\u00f3n de tiempo de cu\u00e1ndo se le puede dejar entrar. Por ejemplo, no ser\u00eda posible ingresar al alojamiento a las 3 a.m. Consulte a su asesor para sus arreglos de viaje con MLI.<\/p>\n\n<\/div>\n<\/div>\n<div>\n<div>\n<p style=\"margin-bottom: 1rem; color: #3d4c5c; font-size: 16px; line-height: 24px;\"><\/p>\n\n<\/div>\n<\/div>\n<\/div>\n<div style=\"color: #212529; font-family: -apple-system, BlinkMacSystemFont,;\">\n<h2 style=\"margin-top: 3rem; margin-bottom: 1rem; line-height: 39px; font-size: 32px; font-style: normal; color: #2165b9; padding-bottom: 1rem;\">Admisiones durante el per\u00edodo COVID-19<\/h2>\n<div>\n<h3 style=\"margin-top: 3rem; margin-bottom: 0.5rem; font-weight: 500; line-height: 29px; font-size: 24px; color: #2165b9; background: #e8eff4; padding: 10px;\">Q1. \u00bfPuedo aplazar mi admisi\u00f3n por motivos relacionados con COVID-19?<\/h3>\n<div>\n<p style=\"margin-bottom: 1rem; color: #3d4c5c; font-size: 16px; line-height: 24px;\">S\u00ed, puede cambiar la fecha de inicio de su programa. Inf\u00f3rmenos de cu\u00e1ndo desea comenzar su programa seg\u00fan las fechas de inicio que figuran en nuestro calendario escolar. Si eres un estudiante de F1 (visa de estudiante), volveremos a emitir tu I-20 con una nueva fecha de inicio del programa y te enviaremos un I-20 firmado digitalmente, para que puedas imprimirlo y llevarlo contigo cuando ingreses a la nosotros<\/p>\n\n<\/div>\n<\/div>\n<div>\n<h3 style=\"margin-top: 3rem; margin-bottom: 0.5rem; font-weight: 500; line-height: 29px; font-size: 24px; color: #2165b9; background: #e8eff4; padding: 10px;\">Q2. \u00bfC\u00f3mo puedo recibir una copia de mi I-20?<\/h3>\n<div>\n<p style=\"margin-bottom: 1rem; color: #3d4c5c; font-size: 16px; line-height: 24px;\">Todas las agencias gubernamentales de EE.UU. aceptan una copia digital de su I-20. Sin embargo, si necesita el I-20 original, podemos envi\u00e1rselo por correo. En este caso, se le cobrar\u00e1 una tarifa de env\u00edo ($120).<\/p>\n\n<\/div>\n<\/div>\n<div>\n<h3 style=\"margin-top: 3rem; margin-bottom: 0.5rem; font-weight: 500; line-height: 29px; font-size: 24px; color: #2165b9; background: #e8eff4; padding: 10px;\">Q3. \u00bfTengo que pagar una tarifa si pospongo mi fecha de inicio?<\/h3>\n<div>\n<p style=\"margin-bottom: 1rem; color: #3d4c5c; font-size: 16px; line-height: 24px;\">No, si usted es un estudiante F1 (titular de una visa de estudiante), simplemente le enviaremos por correo electr\u00f3nico su nuevo I-20 con la nueva fecha de inicio del programa. Sin embargo, si solicita cambiar la fecha de inicio de su programa m\u00e1s de dos veces, le cobraremos $30 por la reemisi\u00f3n del I-20 a partir del tercer I-20.<\/p>\n\n<\/div>\n<\/div>\n<div>\n<h3 style=\"margin-top: 3rem; margin-bottom: 0.5rem; font-weight: 500; line-height: 29px; font-size: 24px; color: #2165b9; background: #e8eff4; padding: 10px;\">Q4. \u00bfHabr\u00e1 alguna penalizaci\u00f3n por posponer la fecha de mudanza de la vivienda?<\/h3>\n<div>\n<p style=\"margin-bottom: 1rem; color: #3d4c5c; font-size: 16px; line-height: 24px;\">Siempre que nos notifique 30 d\u00edas antes de la fecha de mudanza, no habr\u00e1 tarifas.<\/p>\n\n<\/div>\n<\/div>\n<div>\n<h3 style=\"margin-top: 3rem; margin-bottom: 0.5rem; font-weight: 500; line-height: 29px; font-size: 24px; color: #2165b9; background: #e8eff4; padding: 10px;\">Q5. \u00bfA qu\u00e9 estudiantes se les permitir\u00eda unirse a clases presenciales?<\/h3>\n<div>\n<p style=\"margin-bottom: 1rem; color: #3d4c5c; font-size: 16px; line-height: 24px;\">Todos los estudiantes que vienen a los EE. UU. Con un I-20 inicial (estudiantes nuevos) deben asistir a programas en persona debido a los requisitos de SEVIS (inmigraci\u00f3n de EE. UU.).<\/p>\n\n<\/div>\n<\/div>\n<\/div>\n<div style=\"color: #212529; font-family: -apple-system, BlinkMacSystemFont,;\">\n<h2 style=\"margin-top: 3rem; margin-bottom: 1rem; line-height: 39px; font-size: 32px; font-style: normal; color: #2165b9; padding-bottom: 1rem;\">Admissions during the COVID-19 period<\/h2>\n<div>\n<h3 style=\"margin-top: 3rem; margin-bottom: 0.5rem; font-weight: 500; line-height: 29px; font-size: 24px; color: #2165b9; background: #e8eff4; padding: 10px;\">Q1. \u00bfC\u00f3mo puedo obtener una prueba de COVID-19 gratis?<\/h3>\n<div>\n<p style=\"margin-bottom: 1rem; color: #3d4c5c; font-size: 16px; line-height: 24px;\">Si realiza un examen de PCR del condado de Los \u00c1ngeles, la prueba es gratuita. Visite el sitio web de pruebas COVID-19 del condado de Los \u00c1ngeles: <a class=\"waffle-rich-text-link\" style=\"color: #0084e3; font-size: 16px; line-height: 24px;\" href=\"https:\/\/covid19.lacounty.gov\/testing\/\">https:\/\/covid19.lacounty.gov\/testing\/ <\/a><\/p>\n\n<\/div>\n<\/div>\n<div>\n<h3 style=\"margin-top: 3rem; margin-bottom: 0.5rem; font-weight: 500; line-height: 29px; font-size: 24px; color: #2165b9; background: #e8eff4; padding: 10px;\">Q2. \u00bfQu\u00e9 pasa si doy positivo a COVID-19?<\/h3>\n<div>\n<p style=\"margin-bottom: 1rem; color: #3d4c5c; font-size: 16px; line-height: 24px;\">Primero, debe autoaislarse e informar a MLI de su situaci\u00f3n, y luego volver a realizar la prueba 5 d\u00edas despu\u00e9s para ver si a\u00fan es positivo con COVID-19. Recomendamos tener seguro m\u00e9dico\/de viaje.<\/p>\n\n<\/div>\n<\/div>\n<div>\n<h3 style=\"margin-top: 3rem; margin-bottom: 0.5rem; font-weight: 500; line-height: 29px; font-size: 24px; color: #2165b9; background: #e8eff4; padding: 10px;\">Q3. \u00bfQu\u00e9 debo hacer si creo que he estado expuesto al COVID-19?<\/h3>\n<div>\n<p style=\"margin-bottom: 1rem; color: #3d4c5c; font-size: 16px; line-height: 24px;\">Debes hacerte una prueba PCR de COVID-19. El condado de Los Angeles ofrece ex\u00e1menes PCR gratuitos. Para obtener m\u00e1s detalles, visite el sitio web del condado de Los \u00c1ngeles: <a class=\"waffle-rich-text-link\" style=\"color: #0084e3; font-size: 16px; line-height: 24px;\" href=\"http:\/\/publichealth.lacounty.gov\/acd\/ncorona2019\/covidtests\/how\/ \">http:\/\/publichealth.lacounty.gov\/acd\/ncorona2019\/covidtests\/how\/ <\/a><\/p>\n\n<\/div>\n<\/div>\n<div>\n<h3 style=\"margin-top: 3rem; margin-bottom: 0.5rem; font-weight: 500; line-height: 29px; font-size: 24px; color: #2165b9; background: #e8eff4; padding: 10px;\">Q4. \u00bfCu\u00e1les son los s\u00edntomas del COVID-19?<\/h3>\n<div>\n<p style=\"margin-bottom: 1rem; color: #3d4c5c; font-size: 16px; line-height: 24px;\">Para obtener detalles sobre los s\u00edntomas de COVID-19, consulte el sitio web de los CDC (Centros para el Control y la Prevenci\u00f3n de Enfermedades):\n<a class=\"waffle-rich-text-link\" style=\"color: #0084e3; font-size: 16px; line-height: 24px;\" href=\"https:\/\/www.cdc.gov\/coronavirus\/2019-ncov\/symptoms-testing\/symptoms.html \">https:\/\/www.cdc.gov\/coronavirus\/2019-ncov\/symptoms-testing\/symptoms.html <\/a><\/p>\n\n<\/div>\n<\/div>\n<div>\n<h3 style=\"margin-top: 3rem; margin-bottom: 0.5rem; font-weight: 500; line-height: 29px; font-size: 24px; color: #2165b9; background: #e8eff4; padding: 10px;\">Q5. \u00bfC\u00f3mo es la situaci\u00f3n del COVID-19 en Los \u00c1ngeles?<\/h3>\n<div>\n<p style=\"margin-bottom: 1rem; color: #3d4c5c; font-size: 16px; line-height: 24px;\">La situaci\u00f3n de COVID-19 en Los \u00c1ngeles est\u00e1 bien controlada y los casos positivos diarios son menos de 3,000. La vida en Los \u00c1ngeles es la misma que como era antes de la pandemia de COVID-19. La gente sale a todas partes sin ning\u00fan miedo. Para obtener datos m\u00e1s detallados, visite el sitio web de salud p\u00fablica de Los \u00c1ngeles: <a class=\"waffle-rich-text-link\" style=\"color: #0084e3; font-size: 16px; line-height: 24px;\" href=\"http:\/\/www.publichealth.lacounty.gov\/media\/Coronavirus\/data\/\">http:\/\/www.publichealth.lacounty.gov\/media\/Coronavirus\/data\/<\/a><\/p>\n\n<\/div>\n<\/div>\n<\/div>\n<\/div>\n<div style=\"color: #212529; font-family: -apple-system, BlinkMacSystemFont,;\">\n<div>\n<div><\/div>\n<\/div>\n<\/div>\t\t\t\t\t\t<\/div>\n\t\t\t\t<\/div>\n\t\t\t\t\t<\/div>\n\t\t<\/div>\n\t\t\t\t\t\t\t<\/div>\n\t\t<\/section>\n\t\t\t\t\t\t\t<\/div>\n\t\t","protected":false},"excerpt":{"rendered":"<p>Preguntas Frecuentes &#8211; COVID 19 Regulaciones de Viaje, Pol\u00edtica MLI COVID-19 y Situaci\u00f3n COVID-19 en Los \u00c1ngeles Q1. \u00bfCu\u00e1l es la gu\u00eda actual para viajar a los EE. UU.? A partir del 11 de mayo de 2023, ya no se requerir\u00e1n vacunas ni pruebas previas de COVID-19 para ingresar a los EE. UU. Q2. \u00bfCu\u00e1l [&hellip;]<\/p>\n","protected":false},"author":1,"featured_media":0,"parent":0,"menu_order":0,"comment_status":"closed","ping_status":"closed","template":"","meta":[],"_links":{"self":[{"href":"https:\/\/mliesl.edu\/contents\/wp-json\/wp\/v2\/pages\/951"}],"collection":[{"href":"https:\/\/mliesl.edu\/contents\/wp-json\/wp\/v2\/pages"}],"about":[{"href":"https:\/\/mliesl.edu\/contents\/wp-json\/wp\/v2\/types\/page"}],"author":[{"embeddable":true,"href":"https:\/\/mliesl.edu\/contents\/wp-json\/wp\/v2\/users\/1"}],"replies":[{"embeddable":true,"href":"https:\/\/mliesl.edu\/contents\/wp-json\/wp\/v2\/comments?post=951"}],"version-history":[{"count":20,"href":"https:\/\/mliesl.edu\/contents\/wp-json\/wp\/v2\/pages\/951\/revisions"}],"predecessor-version":[{"id":8496,"href":"https:\/\/mliesl.edu\/contents\/wp-json\/wp\/v2\/pages\/951\/revisions\/8496"}],"wp:attachment":[{"href":"https:\/\/mliesl.edu\/contents\/wp-json\/wp\/v2\/media?parent=951"}],"curies":[{"name":"wp","href":"https:\/\/api.w.org\/{rel}","templated":true}]}}